ase 14) to base 11.
88221
Convert -3636677 (base 11) to base 14.
-bac2ba
Convert -10425113 (base 6) to base 14.
-829c9
Convert 1100010111010111001 (base 2) to base 10.
405177
Convert 7495304 (base 11) to base 6.
1150324402
-16240234 (base 7) to base 15
-21101d
What is -42429 (base 16) in base 13?
-966c0
-1101110100111100101 (base 2) to base 11
-28a463
12697 (base 13) to base 7
201253
15839 (base 10) to base 7
64115
-7334706 (base 9) to base 14
-740a10
What is -31252432 (base 6) in base 15?
-12e562
Convert 6d81b (base 16) to base 13.
129210
-2556433 (base 7) to base 15
-68cb1
Convert 95795 (base 14) to base 10.
360967
What is -2186000 (base 11) in base 10?
-3829287
Convert 1010110111000110 (base 2) to base 6.
541542
-10014222 (base 5) to base 16
-135d0
What is -11031222011 (base 4) in base 8?
-5155205
-74aa5 (base 14) to base 10
-281993
36364332 (base 7) to base 13
897093
Convert -10101001100001010101100 (base 2) to base 3.
-101110012211120
Convert -98159 (base 11) to base 12.
-6a636
Convert 11010110100011110 (base 2) to base 15.
22839
-44253131 (base 7) to base 10
-3811487
Convert -37b6a (base 15) to base 6.
-3452231
Convert -5eca8 (base 16) to base 8.
-1366250
What is -cea5f8 (base 16) in base 10?
-13542904
Convert 13103103 (base 4) to base 11.
20519
Convert -1534201 (base 7) to base 6.
-4301514
What is -1020222001010202 (base 3) in base 7?
-306265214
Convert -3122212132 (base 4) to base 10.
-895390
226516a (base 11) to base 2
1111000110110001110010
Convert -1d670 (base 14) to base 8.
-223142
-31201121222 (base 4) to base 8
-15413152
Convert -30211030 (base 4) to base 15.
-10407
984380 (base 10) to base 4
3300110330
What is -104410441 (base 7) in base 16?
-6035e3
What is -2113232310 (base 4) in base 6?
-21153140
2320122 (base 4) to base 5
334202
Convert -3aac7 (base 15) to base 2.
-101101111010011110
12011000222 (base 3) to base 9
164028
12aa9 (base 16) to base 2
10010101010101001
What is 303120000 (base 4) in base 15?
4253c
-3baa7 (base 13) to base 2
-11011010000111101
92821a (base 12) to base 2
1000110000010100110110
Convert -34bd (base 14) to base 4.
-2033133
Convert 11001110110001111 (base 2) to base 11.
725a7
-5cb03 (base 13) to base 2
-101001110000010111
What is -254204 (base 7) in base 14?
-1323b
-101120120201 (base 3) to base 11
-132463
Convert -3310320103 (base 4) to base 13.
-29170c
Convert -281b00 (base 13) to base 9.
-1745557
Convert 4420204 (base 5) to base 10.
76304
3172 (base 10) to base 13
15a0
What is -21067 (base 14) in base 4?
-103130303
-1017193 (base 10) to base 15
-1515cd
What is -111110011111001 (base 2) in base 11?
-22045
What is -5201 (base 11) in base 3?
-100110111
What is 42156 (base 15) in base 8?
631224
Convert 1566811 (base 11) to base 3.
12000211112021
-20022012 (base 3) to base 4
-1013303
Convert -50309 (base 12) to base 2.
-11001011010111001
What is -1110100101111100 (base 2) in base 5?
-3403042
What is 3212332323 (base 5) in base 12?
2320b58
Convert -430404 (base 6) to base 2.
-1000100101000100
-4530551 (base 7) to base 16
-893c3
What is -5164016 (base 9) in base 15?
-397536
What is -c4b49a (base 14) in base 5?
-3144414111
What is 1127324 (base 9) in base 12?
254504
Convert -20566134 (base 7) to base 2.
-110101010101011001011
Convert c9bca (base 15) to base 8.
2343034
-554852 (base 9) to base 8
-1207615
Convert -7350a (base 15) to base 2.
-1011001010001000011
What is 1001020112210 (base 3) in base 10?
555897
What is -30144243 (base 5) in base 4?
-322232331
5485415 (base 10) to base 6
313323235
Convert 2002315 (base 6) to base 16.
16ea7
Convert -15f5a1 (base 16) to base 10.
-1439137
-4020144 (base 5) to base 3
-10020111221
-b041 (base 15) to base 9
-56007
What is 35323646 (base 7) in base 8?
13704676
What is 5935625 (base 10) in base 15?
7c3a85
Convert -1002201210022 (base 3) to base 8.
-2167021
-4798d4 (base 14) to base 16
-255542
Convert -351570 (base 10) to base 9.
-585233
64125 (base 11) to base 8
266206
222e90 (base 16) to base 14
424544
What is 12e97b (base 15) in base 3?
1201020022022
19772 (base 14) to base 15
14209
What is -25d96 (base 15) in base 4?
-131211213
What is -1001101011110001 (base 2) in base 13?
-15092
What is 211211101200 (base 3) in base 9?
754350
Convert 570c9 (base 14) to base 12.
a2461
1302302302 (base 4) to base 14
c34d4
What is 213000212221 (base 4) in base 15?
d6ee44
-28254110 (base 9) to base 2
-110101010010111110101111
-61624 (base 10) to base 16
-f0b8
What is 1175b (base 16) in base 5?
4242030
23122345 (base 8) to base 5
2241213244
What is 16226 (base 10) in base 8?
37542
-1a7a388 (base 11) to base 15
-49181c
-356547 (base 12) to base 7
-10215064
193411 (base 10) to base 14
506b1
-9aa26 (base 13) to base 12
-116571
What is -10603 (base 13) in base 6?
-344534
Convert -343533442 (base 6) to base 16.
-60c602
Convert 532c1 (base 14) to base 16.
310a9
461b8 (base 16) to base 7
2304126
What is 500c77 (base 13) in base 11?
105a429
What is -222410332 (base 5) in base 3?
-1211220000011
Convert -2131a1 (base 12) to base 16.
-7fe49
Convert -10100001111111010000 (base 2) to base 14.
-133b32
Convert 1e11d (base 15) to base 12.
48954
What is 13340122 (base 5) in base 10?
136912
Convert 24cab (base 16) to base 10.
150699
82a333 (base 11) to base 15
1b474e
What is 102100201220 (base 3) in base 15?
463c6
What is -1014a18 (base 13) in base 3?
-100011012201101
-914018 (base 13) to base 10
-3379007
What is -39a0661 (base 11) in base 4?
-122113111301
What is -235292 (base 11) in base 2?
-1011011000100011111
What is -2841944 (base 12) in base 3?
-120010220122221
Convert 2003733 (base 8) to base 16.
807db
Convert -20010012202211 (base 3) to base 10.
-3251902
-35505005 (base 6) to base 5
-241104203
43262 (base 7) to base 15
32d5
Convert -463633 (base 7) to base 4.
-110100211
Convert -6384a (base 11) to base 7.
-534506
What is -803384 (base 13) in base 3?
-12121021102122
Convert -2000204 (base 5) to base 13.
-11330
11101100110010000010000 (base 2) to base 8
35462020
-410600 (base 7) to base 5
-4214143
What is 348784 (base 9) in base 13?
746a7
Convert 1010431434 (base 5) to base 9.
3757357
Convert 8867196 (base 10) to base 15.
ba24b6
What is -ab2949 (base 12) in base 11?
-1599551
What is -107808 (base 11) in base 6?
-3401132
Convert 126307 (base 9) to base 11.
52774
Convert 1178bb (base 15) to base 14.
17a73b
-300065 (base 11) to base 13
-13bc41
What is 4da15 (base 15) in base 7?
2053625
-678375 (base 10) to base 15
-d6000
What is -18a1d (base 15) in base 8?
-234037
282026 (base 10) to base 4
1010312222
What is 10c5914 (base 13) in base 3?
100202021110022
-26341522 (base 7) to base 12
-984921
What is 719370 (base 11) in base 2?
100011001110101110001
-11011101 (base 8) to base 7
-26044016
12143542 (base 6) to base 7
3201314
What is -3582613 (base 9) in base 15?
-28600c
-11000010110101100010111 (base 2) to base 13
-1426c73
What is -110011101110100000 (base 2) in base 13?
-7558b
220022212101 (base 3) to base 15
96d3a
-10132120223 (base 4) to base 7
-12653633
What is 3a0ae (base 16) in base 10?
237742
Convert -112202111102 (base 3) to base 6.
-10120532
-3ca717 (base 14) to base 13
-588471
Convert 2035351 (base 6) to base 8.
300163
Convert 68c4e (base 15) to base 12.
141018
106462316 (base 8) to base 16
11a64ce
What is 150277 (base 11) in base 16?
39456
Convert -8bd4e2 (base 15) to base 9.
-13505835
What is -14650033 (base 7) in base 2?
-101010111100000100010
-30200311 (base 4) to base 13
-1a437
What is -634114 (base 11) in base 4?
-3313332021
Convert 19c8b (base 13) to base 14.
14577
Convert 1000020201020201 (base 3) to base 4.
313033122031
What is -322310450 (base 6) in base 9?
-11673013
Convert 1000211111111 (base 3) to base 11.
34466a
-182112 (base 11) to base 8
-1044617
Convert -14602 (base 11) to base 9.
-31342
What is 47197a4 (base 11) in base 8?
37340036
15044124 (base 7) to base 9
2607673
2315112 (base 6) to base 3
20001022122
What is a58250 (base 16) in base 10?
10846800
Convert -200222100220112 (base 3) to base 16.
-99e237
Convert -5d293b (base 16) to base 2.
-10111010010100100111011
Convert 135211 (base 6) to base 14.
495d
-4252753 (base 8) to base 7
-12441160
b8cb2 (base 14) to base 4
1231020330
Convert -1331042324 (base 5) to base 4.
-30320222233
What is -2242b7 (base 16) in base 5?
-103332